{"id":930,"date":"2025-01-13T19:12:13","date_gmt":"2025-01-13T19:12:13","guid":{"rendered":"https:\/\/hyayapi.com\/?post_type=product&#038;p=930"},"modified":"2025-01-15T13:26:12","modified_gmt":"2025-01-15T13:26:12","slug":"fox-fuga-cleaner","status":"publish","type":"product","link":"https:\/\/hyayapi.com\/?product=fox-fuga-cleaner","title":{"rendered":"FOX FUGA CLEANER"},"content":{"rendered":"<p><strong>Kullan\u0131m Yerleri<\/strong><\/p>\n<p>\u0130\u00e7 ve d\u0131\u015f mek\u00e2nlarda, d\u00fc\u015fey ve yatay uygulamalarda,<br \/>\nOtel, hastane, al\u0131\u015fveri\u015f merkezi, konut vb.<br \/>\nT\u00fcm \u0131slak hacimlerde,<\/p>\n<p><strong>Avantajlar\u0131<\/strong><\/p>\n<p>Su itici \u00f6zellikte oldu\u011fu i\u00e7in, k\u00fcf ve kir olu\u015fumuna dayan\u0131kl\u0131d\u0131r.<br \/>\nKolay temizlenir.<br \/>\nDarbelere, titre\u015fimlere ve deterjanlara dayan\u0131kl\u0131d\u0131r.<br \/>\nDonma-\u00e7\u00f6z\u00fcnme d\u00f6ng\u00fcs\u00fcne kar\u015f\u0131 dayan\u0131kl\u0131.<br \/>\nA\u015f\u0131nmalara kar\u015f\u0131 y\u00fcksek dayan\u0131ml\u0131.<br \/>\nSeramik kenarlar\u0131na \u00e7atlamadan m\u00fckemmel yap\u0131\u015fma sa\u011flar.<br \/>\nP\u00fcr\u00fczs\u00fcz y\u00fczey elde edilir.<br \/>\nKolay haz\u0131rlan\u0131r ve uygulan\u0131r.<br \/>\nS\u0131rl\u0131 y\u00fczeyleri \u00e7izmez.<br \/>\n2-8 mm derz geni\u015flikleri i\u00e7in uygun.<br \/>\n\u00c7al\u0131\u015fma s\u00fcresi uzundur.<br \/>\nSolmaz, renk de\u011fi\u015ftirmez.<\/p>\n","protected":false},"excerpt":{"rendered":"<p>Kullan\u0131m Yerleri \u0130\u00e7 ve d\u0131\u015f mek\u00e2nlarda, d\u00fc\u015fey ve yatay uygulamalarda, Otel, hastane, al\u0131\u015fveri\u015f merkezi, konut vb. T\u00fcm \u0131slak hacimlerde, Avantajlar\u0131 Su itici \u00f6zellikte oldu\u011fu i\u00e7in, k\u00fcf ve kir olu\u015fumuna dayan\u0131kl\u0131d\u0131r. Kolay temizlenir. Darbelere, titre\u015fimlere ve deterjanlara dayan\u0131kl\u0131d\u0131r. Donma-\u00e7\u00f6z\u00fcnme d\u00f6ng\u00fcs\u00fcne kar\u015f\u0131 dayan\u0131kl\u0131. A\u015f\u0131nmalara kar\u015f\u0131 y\u00fcksek dayan\u0131ml\u0131. Seramik kenarlar\u0131na \u00e7atlamadan m\u00fckemmel yap\u0131\u015fma sa\u011flar. P\u00fcr\u00fczs\u00fcz y\u00fczey elde edilir&#8230;.<\/p>\n","protected":false},"featured_media":925,"comment_status":"open","ping_status":"closed","template":"","meta":{"_kadence_starter_templates_imported_post":false,"_kad_post_transparent":"default","_kad_post_title":"","_kad_post_layout":"default","_kad_post_sidebar_id":"","_kad_post_content_style":"default","_kad_post_vertical_padding":"default","_kad_post_feature":"","_kad_post_feature_position":"","_kad_post_header":false,"_kad_post_footer":false},"pwb-brand":[121],"product_cat":[16],"product_tag":[],"class_list":{"0":"post-930","1":"product","2":"type-product","3":"status-publish","4":"has-post-thumbnail","6":"pwb-brand-fox","7":"product_cat-genel","9":"first","10":"instock","11":"shipping-taxable","12":"product-type-simple","13":"entry","14":"content-bg","15":"loop-entry"},"brands":[{"id":121,"name":"FOX","slug":"fox"}],"_links":{"self":[{"href":"https:\/\/hyayapi.com\/index.php?rest_route=\/wp\/v2\/product\/930","targetHints":{"allow":["GET"]}}],"collection":[{"href":"https:\/\/hyayapi.com\/index.php?rest_route=\/wp\/v2\/product"}],"about":[{"href":"https:\/\/hyayapi.com\/index.php?rest_route=\/wp\/v2\/types\/product"}],"replies":[{"embeddable":true,"href":"https:\/\/hyayapi.com\/index.php?rest_route=%2Fwp%2Fv2%2Fcomments&post=930"}],"wp:featuredmedia":[{"embeddable":true,"href":"https:\/\/hyayapi.com\/index.php?rest_route=\/wp\/v2\/media\/925"}],"wp:attachment":[{"href":"https:\/\/hyayapi.com\/index.php?rest_route=%2Fwp%2Fv2%2Fmedia&parent=930"}],"wp:term":[{"taxonomy":"pwb-brand","embeddable":true,"href":"https:\/\/hyayapi.com\/index.php?rest_route=%2Fwp%2Fv2%2Fpwb-brand&post=930"},{"taxonomy":"product_cat","embeddable":true,"href":"https:\/\/hyayapi.com\/index.php?rest_route=%2Fwp%2Fv2%2Fproduct_cat&post=930"},{"taxonomy":"product_tag","embeddable":true,"href":"https:\/\/hyayapi.com\/index.php?rest_route=%2Fwp%2Fv2%2Fproduct_tag&post=930"}],"curies":[{"name":"wp","href":"https:\/\/api.w.org\/{rel}","templated":true}]}}