{"id":881,"date":"2025-01-13T18:50:20","date_gmt":"2025-01-13T18:50:20","guid":{"rendered":"https:\/\/hyayapi.com\/?post_type=product&#038;p=881"},"modified":"2025-01-15T13:04:59","modified_gmt":"2025-01-15T13:04:59","slug":"asmolen-tuglalar","status":"publish","type":"product","link":"https:\/\/hyayapi.com\/?product=asmolen-tuglalar","title":{"rendered":"Asmolen Tu\u011flalar"},"content":{"rendered":"<p><strong>Tan\u0131m<\/strong><br \/>\nY\u00fcksek mukavemete sahip, dayan\u0131kl\u0131 ve uzun \u00f6m\u00fcrl\u00fc, in\u015faat projelerinde kullan\u0131lan standart tu\u011flalard\u0131r. Estetik ve fonksiyonel \u00e7\u00f6z\u00fcmler sunarak yap\u0131lar\u0131n sa\u011flaml\u0131\u011f\u0131n\u0131 art\u0131r\u0131r.<\/p>\n<p><strong>Kullan\u0131m Alanlar\u0131<\/strong><br \/>\nTu\u011fla \u00fcr\u00fcnlerimiz, i\u00e7 ve d\u0131\u015f duvarlarda, b\u00f6lme duvarlar\u0131nda, bah\u00e7e duvarlar\u0131nda ve dekoratif uygulamalarda kullan\u0131ma uygundur. \u00d6zellikle konut, ticari yap\u0131lar ve peyzaj projelerinde s\u0131kl\u0131kla tercih edilir. Y\u00fcksek izolasyon \u00f6zellikleri sayesinde enerji verimlili\u011fi sa\u011flar.<\/p>\n<p><strong>Ambalaj<\/strong><\/p>\n<ul>\n<li>Paletli veya toplu teslimat se\u00e7enekleriyle sunulur.<\/li>\n<\/ul>\n<p><strong>\u00d6zellikler<\/strong><\/p>\n<ul>\n<li>Y\u00fcksek mukavemet ve dayan\u0131kl\u0131l\u0131k sa\u011flar.<\/li>\n<li>Is\u0131 ve ses yal\u0131t\u0131m\u0131 \u00f6zellikleriyle konforlu ya\u015fam alanlar\u0131 olu\u015fturur.<\/li>\n<li>\u00c7evre dostu malzemelerden \u00fcretilmi\u015ftir.<\/li>\n<li>Farkl\u0131 \u00f6l\u00e7\u00fc ve tasar\u0131m se\u00e7enekleri ile estetik \u00e7\u00f6z\u00fcmler sunar.<\/li>\n<\/ul>\n","protected":false},"excerpt":{"rendered":"<p>Tan\u0131m Y\u00fcksek mukavemete sahip, dayan\u0131kl\u0131 ve uzun \u00f6m\u00fcrl\u00fc, in\u015faat projelerinde kullan\u0131lan standart tu\u011flalard\u0131r. Estetik ve fonksiyonel \u00e7\u00f6z\u00fcmler sunarak yap\u0131lar\u0131n sa\u011flaml\u0131\u011f\u0131n\u0131 art\u0131r\u0131r. Kullan\u0131m Alanlar\u0131 Tu\u011fla \u00fcr\u00fcnlerimiz, i\u00e7 ve d\u0131\u015f duvarlarda, b\u00f6lme duvarlar\u0131nda, bah\u00e7e duvarlar\u0131nda ve dekoratif uygulamalarda kullan\u0131ma uygundur. \u00d6zellikle konut, ticari yap\u0131lar ve peyzaj projelerinde s\u0131kl\u0131kla tercih edilir. Y\u00fcksek izolasyon \u00f6zellikleri sayesinde enerji verimlili\u011fi sa\u011flar&#8230;.<\/p>\n","protected":false},"featured_media":884,"comment_status":"open","ping_status":"closed","template":"","meta":{"_kadence_starter_templates_imported_post":false,"_kad_post_transparent":"default","_kad_post_title":"","_kad_post_layout":"default","_kad_post_sidebar_id":"","_kad_post_content_style":"default","_kad_post_vertical_padding":"default","_kad_post_feature":"","_kad_post_feature_position":"","_kad_post_header":false,"_kad_post_footer":false},"pwb-brand":[117,118],"product_cat":[16],"product_tag":[],"class_list":{"0":"post-881","1":"product","2":"type-product","3":"status-publish","4":"has-post-thumbnail","6":"pwb-brand-derya-dogalgazli-tugla","7":"pwb-brand-kilsan-tugla","8":"product_cat-genel","10":"first","11":"instock","12":"shipping-taxable","13":"product-type-simple","14":"entry","15":"content-bg","16":"loop-entry"},"brands":[{"id":117,"name":"DERYA DO\u011eALGAZLI TU\u011eLA","slug":"derya-dogalgazli-tugla"},{"id":118,"name":"K\u0130LSAN TU\u011eLA","slug":"kilsan-tugla"}],"_links":{"self":[{"href":"https:\/\/hyayapi.com\/index.php?rest_route=\/wp\/v2\/product\/881","targetHints":{"allow":["GET"]}}],"collection":[{"href":"https:\/\/hyayapi.com\/index.php?rest_route=\/wp\/v2\/product"}],"about":[{"href":"https:\/\/hyayapi.com\/index.php?rest_route=\/wp\/v2\/types\/product"}],"replies":[{"embeddable":true,"href":"https:\/\/hyayapi.com\/index.php?rest_route=%2Fwp%2Fv2%2Fcomments&post=881"}],"wp:featuredmedia":[{"embeddable":true,"href":"https:\/\/hyayapi.com\/index.php?rest_route=\/wp\/v2\/media\/884"}],"wp:attachment":[{"href":"https:\/\/hyayapi.com\/index.php?rest_route=%2Fwp%2Fv2%2Fmedia&parent=881"}],"wp:term":[{"taxonomy":"pwb-brand","embeddable":true,"href":"https:\/\/hyayapi.com\/index.php?rest_route=%2Fwp%2Fv2%2Fpwb-brand&post=881"},{"taxonomy":"product_cat","embeddable":true,"href":"https:\/\/hyayapi.com\/index.php?rest_route=%2Fwp%2Fv2%2Fproduct_cat&post=881"},{"taxonomy":"product_tag","embeddable":true,"href":"https:\/\/hyayapi.com\/index.php?rest_route=%2Fwp%2Fv2%2Fproduct_tag&post=881"}],"curies":[{"name":"wp","href":"https:\/\/api.w.org\/{rel}","templated":true}]}}