{"id":868,"date":"2025-01-13T18:42:29","date_gmt":"2025-01-13T18:42:29","guid":{"rendered":"https:\/\/hyayapi.com\/?post_type=product&#038;p=868"},"modified":"2025-01-15T12:49:06","modified_gmt":"2025-01-15T12:49:06","slug":"suya-dayanikli-wr-alci-plaka","status":"publish","type":"product","link":"https:\/\/hyayapi.com\/?product=suya-dayanikli-wr-alci-plaka","title":{"rendered":"Suya Dayan\u0131kl\u0131 (WR) Al\u00e7\u0131 Plaka"},"content":{"rendered":"<p>Sa\u011flam ve dayan\u0131kl\u0131<br \/>\nEsnek ve tasar\u0131ma uygun<br \/>\nKolay uygulan\u0131r<\/p>\n<p>&nbsp;<\/p>\n<p>KULLANIM ALANI<\/p>\n<p>\u0130\u00e7 mek\u00e2nlarda b\u00f6lme duvar, giydirme duvar ve asma tavan yap\u0131m\u0131nda kullan\u0131l\u0131r.<\/p>\n","protected":false},"excerpt":{"rendered":"<p>Sa\u011flam ve dayan\u0131kl\u0131 Esnek ve tasar\u0131ma uygun Kolay uygulan\u0131r &nbsp; KULLANIM ALANI \u0130\u00e7 mek\u00e2nlarda b\u00f6lme duvar, giydirme duvar ve asma tavan yap\u0131m\u0131nda kullan\u0131l\u0131r.<\/p>\n","protected":false},"featured_media":859,"comment_status":"open","ping_status":"closed","template":"","meta":{"_kadence_starter_templates_imported_post":false,"_kad_post_transparent":"default","_kad_post_title":"","_kad_post_layout":"default","_kad_post_sidebar_id":"","_kad_post_content_style":"default","_kad_post_vertical_padding":"default","_kad_post_feature":"","_kad_post_feature_position":"","_kad_post_header":false,"_kad_post_footer":false},"pwb-brand":[112,114],"product_cat":[16],"product_tag":[97],"class_list":{"0":"post-868","1":"product","2":"type-product","3":"status-publish","4":"has-post-thumbnail","6":"pwb-brand-abs","7":"pwb-brand-atiskan-alci","8":"product_cat-genel","9":"product_tag-suya-dayanikli-wr-alci-plaka","11":"first","12":"instock","13":"shipping-taxable","14":"product-type-simple","15":"entry","16":"content-bg","17":"loop-entry"},"brands":[{"id":112,"name":"ABS AL\u00c7I","slug":"abs"},{"id":114,"name":"ATI\u015eKAN AL\u00c7I","slug":"atiskan-alci"}],"_links":{"self":[{"href":"https:\/\/hyayapi.com\/index.php?rest_route=\/wp\/v2\/product\/868","targetHints":{"allow":["GET"]}}],"collection":[{"href":"https:\/\/hyayapi.com\/index.php?rest_route=\/wp\/v2\/product"}],"about":[{"href":"https:\/\/hyayapi.com\/index.php?rest_route=\/wp\/v2\/types\/product"}],"replies":[{"embeddable":true,"href":"https:\/\/hyayapi.com\/index.php?rest_route=%2Fwp%2Fv2%2Fcomments&post=868"}],"wp:featuredmedia":[{"embeddable":true,"href":"https:\/\/hyayapi.com\/index.php?rest_route=\/wp\/v2\/media\/859"}],"wp:attachment":[{"href":"https:\/\/hyayapi.com\/index.php?rest_route=%2Fwp%2Fv2%2Fmedia&parent=868"}],"wp:term":[{"taxonomy":"pwb-brand","embeddable":true,"href":"https:\/\/hyayapi.com\/index.php?rest_route=%2Fwp%2Fv2%2Fpwb-brand&post=868"},{"taxonomy":"product_cat","embeddable":true,"href":"https:\/\/hyayapi.com\/index.php?rest_route=%2Fwp%2Fv2%2Fproduct_cat&post=868"},{"taxonomy":"product_tag","embeddable":true,"href":"https:\/\/hyayapi.com\/index.php?rest_route=%2Fwp%2Fv2%2Fproduct_tag&post=868"}],"curies":[{"name":"wp","href":"https:\/\/api.w.org\/{rel}","templated":true}]}}