{"id":866,"date":"2025-01-13T18:41:11","date_gmt":"2025-01-13T18:41:11","guid":{"rendered":"https:\/\/hyayapi.com\/?post_type=product&#038;p=866"},"modified":"2025-01-15T12:41:38","modified_gmt":"2025-01-15T12:41:38","slug":"konsantre-makine-sivasi","status":"publish","type":"product","link":"https:\/\/hyayapi.com\/?product=konsantre-makine-sivasi","title":{"rendered":"Konsantre Makine S\u0131vas\u0131"},"content":{"rendered":"<p><strong>Tan\u0131m<\/strong><br \/>\nKayma direnci art\u0131r\u0131lm\u0131\u015f, y\u00fcksek yap\u0131\u015fma g\u00fcc\u00fcne sahip, \u00e7imento esasl\u0131 seramik yap\u0131\u015ft\u0131rma harc\u0131d\u0131r. Uzun \u00e7al\u0131\u015fma s\u00fcresi ile zaman ve i\u015f\u00e7ilikten tasarruf sa\u011flar.<\/p>\n<p><strong>Kullan\u0131m Alanlar\u0131<\/strong><br \/>\nSeramik, mozaik, dekoratif tu\u011fla, do\u011fal ta\u015f, traverten gibi kaplama malzemelerinin yatay ve d\u00fc\u015fey y\u00fczeylerde uygulanmas\u0131nda idealdir. \u00d6zellikle banyo, mutfak gibi \u0131slak hacimlerde; beton, s\u0131va ve \u015fap gibi y\u00fczeylerde g\u00fcvenle kullan\u0131labilir. Mevcut seramik y\u00fczeyler \u00fczerine seramik d\u00f6\u015feme uygulamalar\u0131ndan \u00f6nce, y\u00fczeyin Kalekim Dolgulu Astar ile astarlanmas\u0131 \u00f6nerilir.<\/p>\n<p><strong>Ambalaj<\/strong><\/p>\n<ul>\n<li>25 kg kraft torba<\/li>\n<\/ul>\n<p><strong>\u00d6zellikler<\/strong><\/p>\n<ul>\n<li>Kayma yapmaz, yukar\u0131dan a\u015fa\u011f\u0131 seramik d\u00f6\u015femeye uygundur.<\/li>\n<li>Y\u00fcksek yap\u0131\u015fma g\u00fcc\u00fcyle g\u00fcvenli uygulama sa\u011flar.<\/li>\n<li>Uzun \u00e7al\u0131\u015fma s\u00fcresi ile i\u015f\u00e7ilik maliyetlerini azalt\u0131r.<\/li>\n<li>Kolay taraklanabilir, homojen uygulama sa\u011flar.<\/li>\n<\/ul>\n","protected":false},"excerpt":{"rendered":"<p>Tan\u0131m Kayma direnci art\u0131r\u0131lm\u0131\u015f, y\u00fcksek yap\u0131\u015fma g\u00fcc\u00fcne sahip, \u00e7imento esasl\u0131 seramik yap\u0131\u015ft\u0131rma harc\u0131d\u0131r. Uzun \u00e7al\u0131\u015fma s\u00fcresi ile zaman ve i\u015f\u00e7ilikten tasarruf sa\u011flar. Kullan\u0131m Alanlar\u0131 Seramik, mozaik, dekoratif tu\u011fla, do\u011fal ta\u015f, traverten gibi kaplama malzemelerinin yatay ve d\u00fc\u015fey y\u00fczeylerde uygulanmas\u0131nda idealdir. \u00d6zellikle banyo, mutfak gibi \u0131slak hacimlerde; beton, s\u0131va ve \u015fap gibi y\u00fczeylerde g\u00fcvenle kullan\u0131labilir. Mevcut&#8230;<\/p>\n","protected":false},"featured_media":854,"comment_status":"open","ping_status":"closed","template":"","meta":{"_kadence_starter_templates_imported_post":false,"_kad_post_transparent":"default","_kad_post_title":"","_kad_post_layout":"default","_kad_post_sidebar_id":"","_kad_post_content_style":"default","_kad_post_vertical_padding":"default","_kad_post_feature":"","_kad_post_feature_position":"","_kad_post_header":false,"_kad_post_footer":false},"pwb-brand":[113],"product_cat":[16],"product_tag":[],"class_list":{"0":"post-866","1":"product","2":"type-product","3":"status-publish","4":"has-post-thumbnail","6":"pwb-brand-entegre","7":"product_cat-genel","9":"first","10":"instock","11":"shipping-taxable","12":"product-type-simple","13":"entry","14":"content-bg","15":"loop-entry"},"brands":[{"id":113,"name":"ENTEGRE","slug":"entegre"}],"_links":{"self":[{"href":"https:\/\/hyayapi.com\/index.php?rest_route=\/wp\/v2\/product\/866","targetHints":{"allow":["GET"]}}],"collection":[{"href":"https:\/\/hyayapi.com\/index.php?rest_route=\/wp\/v2\/product"}],"about":[{"href":"https:\/\/hyayapi.com\/index.php?rest_route=\/wp\/v2\/types\/product"}],"replies":[{"embeddable":true,"href":"https:\/\/hyayapi.com\/index.php?rest_route=%2Fwp%2Fv2%2Fcomments&post=866"}],"wp:featuredmedia":[{"embeddable":true,"href":"https:\/\/hyayapi.com\/index.php?rest_route=\/wp\/v2\/media\/854"}],"wp:attachment":[{"href":"https:\/\/hyayapi.com\/index.php?rest_route=%2Fwp%2Fv2%2Fmedia&parent=866"}],"wp:term":[{"taxonomy":"pwb-brand","embeddable":true,"href":"https:\/\/hyayapi.com\/index.php?rest_route=%2Fwp%2Fv2%2Fpwb-brand&post=866"},{"taxonomy":"product_cat","embeddable":true,"href":"https:\/\/hyayapi.com\/index.php?rest_route=%2Fwp%2Fv2%2Fproduct_cat&post=866"},{"taxonomy":"product_tag","embeddable":true,"href":"https:\/\/hyayapi.com\/index.php?rest_route=%2Fwp%2Fv2%2Fproduct_tag&post=866"}],"curies":[{"name":"wp","href":"https:\/\/api.w.org\/{rel}","templated":true}]}}