{"id":842,"date":"2025-01-13T18:10:57","date_gmt":"2025-01-13T18:10:57","guid":{"rendered":"https:\/\/hyayapi.com\/?post_type=product&#038;p=842"},"modified":"2025-01-15T13:44:38","modified_gmt":"2025-01-15T13:44:38","slug":"3027-izolatex-uv","status":"publish","type":"product","link":"https:\/\/hyayapi.com\/?product=3027-izolatex-uv","title":{"rendered":"3027 \u0130ZOLATEX UV"},"content":{"rendered":"<div class=\"c-item-01-A \">\n<div class=\"c-unit-01\">\n<div class=\"c-unit-01-A heading-Low-Tone\"><strong>Tan\u0131m<\/strong><\/div>\n<div class=\"c-unit-01-B body-small\">Ekstra esnek, tuzlara ve karbondioksite kar\u015f\u0131 etkin bir engel olu\u015fturan, i\u00e7 ve d\u0131\u015f mekanlarda uygulanabilen, em\u00fclsiyon polimer esasl\u0131 s\u0131v\u0131 bile\u015fen ile su ge\u00e7irimsizli\u011fi ve i\u015flenebilirli\u011fi artt\u0131r\u0131c\u0131 kimyasal katk\u0131lar i\u00e7eren \u00e7imento esasl\u0131 toz bile\u015fenden olu\u015fan, su yal\u0131t\u0131m ve beton koruma harc\u0131d\u0131r.<\/div>\n<\/div>\n<div class=\"c-unit-02\">\n<div class=\"c-unit-01-A heading-Low-Tone\"><strong>Kullan\u0131m Alanlar\u0131<\/strong><\/div>\n<div class=\"c-unit-01-B body-small\">\n<div class=\"c-unit-01-B-01\">Hafif yaya\/y\u00fck trafi\u011fine maruz kalan teras, balkon ve \u00e7at\u0131larda \u00fczerinin kaplanmas\u0131na gerek duyulmadan, Havuz, su deposu gibi daimi \u0131slak b\u00f6lgelerde, Banyo, du\u015f, wc gibi \u0131slak hacimli mekanlarda, Beton, s\u0131va, \u015fap gibi y\u00fczeyler \u00fczerine uygulan\u0131r.<\/div>\n<\/div>\n<\/div>\n<div class=\"c-unit-02\">\n<div class=\"c-unit-01-A heading-Low-Tone\"><strong>Ambalaj<\/strong><\/div>\n<ul class=\"c-unit-01-B body-small\">\n<li class=\"c-unit-01-B-01\">Toz: 25 kg kraft torba, S\u0131v\u0131: 8 lt plastik bidon, 33 kg\u2019l\u0131k set.<\/li>\n<\/ul>\n<\/div>\n<\/div>\n<div class=\"c-item-01-B \">\n<div class=\"c-unit-01\">\n<div class=\"c-unit-01-A heading-Low-Tone\"><strong>\u00d6zellikler<\/strong><\/div>\n<div class=\"c-unit-01-B body-small\">\n<div class=\"c-unit-01-B-01\">UV dayan\u0131m\u0131na sahiptir. Y\u00fcksek tutunma g\u00fcc\u00fcne sahip, esnektir. \u0130\u00e7me suyu depolar\u0131nda kullan\u0131ma uygundur. Kalsiyum ve sodyum klor\u00fcr gibi buz eritici tuzlara, deniz suyuna, karbondioksit gaz\u0131na ve karbonatla\u015fmaya kar\u015f\u0131 betonu korur. Yatay ve d\u00fc\u015fey y\u00fczeylerde uygulanabilir. Donma-\u00e7\u00f6z\u00fcnmeye kar\u015f\u0131 dayan\u0131kl\u0131d\u0131r. F\u0131r\u00e7a, mala, rulo veya sprey ile kolay uygulan\u0131r<\/div>\n<\/div>\n<\/div>\n<\/div>\n","protected":false},"excerpt":{"rendered":"<p>Tan\u0131m Ekstra esnek, tuzlara ve karbondioksite kar\u015f\u0131 etkin bir engel olu\u015fturan, i\u00e7 ve d\u0131\u015f mekanlarda uygulanabilen, em\u00fclsiyon polimer esasl\u0131 s\u0131v\u0131 bile\u015fen ile su ge\u00e7irimsizli\u011fi ve i\u015flenebilirli\u011fi artt\u0131r\u0131c\u0131 kimyasal katk\u0131lar i\u00e7eren \u00e7imento esasl\u0131 toz bile\u015fenden olu\u015fan, su yal\u0131t\u0131m ve beton koruma harc\u0131d\u0131r. Kullan\u0131m Alanlar\u0131 Hafif yaya\/y\u00fck trafi\u011fine maruz kalan teras, balkon ve \u00e7at\u0131larda \u00fczerinin kaplanmas\u0131na gerek&#8230;<\/p>\n","protected":false},"featured_media":838,"comment_status":"open","ping_status":"closed","template":"","meta":{"_kadence_starter_templates_imported_post":false,"_kad_post_transparent":"default","_kad_post_title":"","_kad_post_layout":"default","_kad_post_sidebar_id":"","_kad_post_content_style":"default","_kad_post_vertical_padding":"default","_kad_post_feature":"","_kad_post_feature_position":"","_kad_post_header":false,"_kad_post_footer":false},"pwb-brand":[119],"product_cat":[16],"product_tag":[],"class_list":{"0":"post-842","1":"product","2":"type-product","3":"status-publish","4":"has-post-thumbnail","6":"pwb-brand-kalekim","7":"product_cat-genel","9":"first","10":"instock","11":"shipping-taxable","12":"product-type-simple","13":"entry","14":"content-bg","15":"loop-entry"},"brands":[{"id":119,"name":"KALEK\u0130M","slug":"kalekim"}],"_links":{"self":[{"href":"https:\/\/hyayapi.com\/index.php?rest_route=\/wp\/v2\/product\/842","targetHints":{"allow":["GET"]}}],"collection":[{"href":"https:\/\/hyayapi.com\/index.php?rest_route=\/wp\/v2\/product"}],"about":[{"href":"https:\/\/hyayapi.com\/index.php?rest_route=\/wp\/v2\/types\/product"}],"replies":[{"embeddable":true,"href":"https:\/\/hyayapi.com\/index.php?rest_route=%2Fwp%2Fv2%2Fcomments&post=842"}],"wp:featuredmedia":[{"embeddable":true,"href":"https:\/\/hyayapi.com\/index.php?rest_route=\/wp\/v2\/media\/838"}],"wp:attachment":[{"href":"https:\/\/hyayapi.com\/index.php?rest_route=%2Fwp%2Fv2%2Fmedia&parent=842"}],"wp:term":[{"taxonomy":"pwb-brand","embeddable":true,"href":"https:\/\/hyayapi.com\/index.php?rest_route=%2Fwp%2Fv2%2Fpwb-brand&post=842"},{"taxonomy":"product_cat","embeddable":true,"href":"https:\/\/hyayapi.com\/index.php?rest_route=%2Fwp%2Fv2%2Fproduct_cat&post=842"},{"taxonomy":"product_tag","embeddable":true,"href":"https:\/\/hyayapi.com\/index.php?rest_route=%2Fwp%2Fv2%2Fproduct_tag&post=842"}],"curies":[{"name":"wp","href":"https:\/\/api.w.org\/{rel}","templated":true}]}}