{"id":835,"date":"2025-01-13T18:08:46","date_gmt":"2025-01-13T18:08:46","guid":{"rendered":"https:\/\/hyayapi.com\/?post_type=product&#038;p=835"},"modified":"2025-01-15T13:43:59","modified_gmt":"2025-01-15T13:43:59","slug":"3025-ultralastic","status":"publish","type":"product","link":"https:\/\/hyayapi.com\/?product=3025-ultralastic","title":{"rendered":"3025 ULTRALASTIC"},"content":{"rendered":"<div class=\"c-item-01-A \">\n<div class=\"c-unit-01\">\n<div class=\"c-unit-01-A heading-Low-Tone\"><strong>Tan\u0131m<\/strong><\/div>\n<div class=\"c-unit-01-B body-small\">Em\u00fclsiyon polimer esasl\u0131 s\u0131v\u0131 bile\u015fen, su ge\u00e7irimsizli\u011fi ve i\u015flenebilirli\u011fi artt\u0131r\u0131c\u0131 mineral katk\u0131lar ve \u00f6zel kimyasal katk\u0131lar i\u00e7eren toz bile\u015fenden olu\u015fan, y\u00fcksek dayan\u0131ml\u0131, i\u00e7 ve d\u0131\u015f mek\u00e2nlarda uygulanabilen, \u00e7atlak k\u00f6pr\u00fcleme \u00f6zelli\u011fine sahip, s\u00fclfata dayan\u0131kl\u0131 h\u0131zl\u0131 uygulama sa\u011flayan, so\u011fu\u011fa kar\u015f\u0131 ultra esnek su yal\u0131t\u0131m ve beton koruma harc\u0131.<\/div>\n<\/div>\n<div class=\"c-unit-02\">\n<div class=\"c-unit-01-A heading-Low-Tone\"><strong>Kullan\u0131m Alanlar\u0131<\/strong><\/div>\n<div class=\"c-unit-01-B body-small\">\n<div class=\"c-unit-01-B-01\">Yap\u0131lar\u0131n temel perde duvarlar\u0131nda, Beton zeminlerin toprak zemine temas eden alanlar\u0131nda, Havuz, su deposu gibi daimi \u0131slak b\u00f6lgelerde, Banyo, du\u015f, wc gibi \u0131slak hacimli mekanlarda, Seramik alt\u0131 su yal\u0131t\u0131m\u0131nda, Eski seramik kaplamalar\u0131 \u00fczerine, Teraslarda, balkonlarda, H\u0131zl\u0131 uygulama istenen yerlerde, Tuzlu sulara kar\u015f\u0131 koruma istenen yerlere, Deniz suyu ve buz \u00e7\u00f6z\u00fcc\u00fc tuzlara kar\u015f\u0131 korunmas\u0131 gereken beton y\u00fczeyler \u00fczerine, Beton, s\u0131va, \u00f6rme duvarlar ve \u015fap gibi y\u00fczeyler \u00fczerine uygulan\u0131r.<\/div>\n<\/div>\n<\/div>\n<div class=\"c-unit-02\">\n<div class=\"c-unit-01-A heading-Low-Tone\"><strong>Ambalaj<\/strong><\/div>\n<ul class=\"c-unit-01-B body-small\">\n<li class=\"c-unit-01-B-01\">Toz: 12 kg. torba S\u0131v\u0131: 8 L plastik kova. 20 kg&#8217;l\u0131k set<\/li>\n<\/ul>\n<\/div>\n<\/div>\n<div class=\"c-item-01-B \">\n<div class=\"c-unit-01\">\n<div class=\"c-unit-01-A heading-Low-Tone\"><strong>\u00d6zellikler<\/strong><\/div>\n<div class=\"c-unit-01-B body-small\">\n<div class=\"c-unit-01-B-01\">H\u0131zl\u0131 k\u00fcrlenme \u00f6zelli\u011fi sayesinde, son kat uygulanmas\u0131ndan 3 saat sonra hafif yaya trafi\u011fi ve seramik uygulamas\u0131na ge\u00e7i\u015f imkan\u0131 sa\u011flar. Uygulamadan 2 saat sonra ya\u011fmura, 6 saat sonra bas\u0131n\u00e7l\u0131 suya dayan\u0131kl\u0131 hale gelir. Ya\u015flanmaya ve UV \u0131\u015f\u0131nlar\u0131na kar\u015f\u0131 diren\u00e7lidir. Y\u00fcksek tutunma g\u00fcc\u00fcne sahip, ultra esnektir. H\u0131zl\u0131 bir \u015fekilde \u00fczerine i\u015flem yap\u0131labilir, boyanabilir. Yatay ve d\u00fc\u015fey y\u00fczeylerde uygulanabilir. Betonda karbonatla\u015fmay\u0131 engeller. Donma-\u00e7\u00f6z\u00fcnmeye kar\u015f\u0131 dayan\u0131kl\u0131d\u0131r. Kalsiyum ve sodyum klor\u00fcr gibi buz eritici tuzlara, deniz suyuna ve karbondioksit gaz\u0131na kar\u015f\u0131 betonu korur. F\u0131r\u00e7a, mala, rulo veya p\u00fcsk\u00fcrtme ile kolay uygulan\u0131r.<\/div>\n<\/div>\n<\/div>\n<\/div>\n","protected":false},"excerpt":{"rendered":"<p>Tan\u0131m Em\u00fclsiyon polimer esasl\u0131 s\u0131v\u0131 bile\u015fen, su ge\u00e7irimsizli\u011fi ve i\u015flenebilirli\u011fi artt\u0131r\u0131c\u0131 mineral katk\u0131lar ve \u00f6zel kimyasal katk\u0131lar i\u00e7eren toz bile\u015fenden olu\u015fan, y\u00fcksek dayan\u0131ml\u0131, i\u00e7 ve d\u0131\u015f mek\u00e2nlarda uygulanabilen, \u00e7atlak k\u00f6pr\u00fcleme \u00f6zelli\u011fine sahip, s\u00fclfata dayan\u0131kl\u0131 h\u0131zl\u0131 uygulama sa\u011flayan, so\u011fu\u011fa kar\u015f\u0131 ultra esnek su yal\u0131t\u0131m ve beton koruma harc\u0131. Kullan\u0131m Alanlar\u0131 Yap\u0131lar\u0131n temel perde duvarlar\u0131nda, Beton zeminlerin&#8230;<\/p>\n","protected":false},"featured_media":836,"comment_status":"open","ping_status":"closed","template":"","meta":{"_kadence_starter_templates_imported_post":false,"_kad_post_transparent":"default","_kad_post_title":"","_kad_post_layout":"default","_kad_post_sidebar_id":"","_kad_post_content_style":"default","_kad_post_vertical_padding":"default","_kad_post_feature":"","_kad_post_feature_position":"","_kad_post_header":false,"_kad_post_footer":false},"pwb-brand":[119],"product_cat":[16],"product_tag":[],"class_list":{"0":"post-835","1":"product","2":"type-product","3":"status-publish","4":"has-post-thumbnail","6":"pwb-brand-kalekim","7":"product_cat-genel","9":"first","10":"instock","11":"shipping-taxable","12":"product-type-simple","13":"entry","14":"content-bg","15":"loop-entry"},"brands":[{"id":119,"name":"KALEK\u0130M","slug":"kalekim"}],"_links":{"self":[{"href":"https:\/\/hyayapi.com\/index.php?rest_route=\/wp\/v2\/product\/835","targetHints":{"allow":["GET"]}}],"collection":[{"href":"https:\/\/hyayapi.com\/index.php?rest_route=\/wp\/v2\/product"}],"about":[{"href":"https:\/\/hyayapi.com\/index.php?rest_route=\/wp\/v2\/types\/product"}],"replies":[{"embeddable":true,"href":"https:\/\/hyayapi.com\/index.php?rest_route=%2Fwp%2Fv2%2Fcomments&post=835"}],"wp:featuredmedia":[{"embeddable":true,"href":"https:\/\/hyayapi.com\/index.php?rest_route=\/wp\/v2\/media\/836"}],"wp:attachment":[{"href":"https:\/\/hyayapi.com\/index.php?rest_route=%2Fwp%2Fv2%2Fmedia&parent=835"}],"wp:term":[{"taxonomy":"pwb-brand","embeddable":true,"href":"https:\/\/hyayapi.com\/index.php?rest_route=%2Fwp%2Fv2%2Fpwb-brand&post=835"},{"taxonomy":"product_cat","embeddable":true,"href":"https:\/\/hyayapi.com\/index.php?rest_route=%2Fwp%2Fv2%2Fproduct_cat&post=835"},{"taxonomy":"product_tag","embeddable":true,"href":"https:\/\/hyayapi.com\/index.php?rest_route=%2Fwp%2Fv2%2Fproduct_tag&post=835"}],"curies":[{"name":"wp","href":"https:\/\/api.w.org\/{rel}","templated":true}]}}