{"id":815,"date":"2025-01-13T17:41:53","date_gmt":"2025-01-13T17:41:53","guid":{"rendered":"https:\/\/hyayapi.com\/?post_type=product&#038;p=815"},"modified":"2025-01-15T13:24:36","modified_gmt":"2025-01-15T13:24:36","slug":"1054-technoflex","status":"publish","type":"product","link":"https:\/\/hyayapi.com\/?product=1054-technoflex","title":{"rendered":"1054 TECHNOFLEX"},"content":{"rendered":"<div class=\"c-item-01-A \">\n<div class=\"c-unit-01\">\n<div class=\"c-unit-01-A heading-Low-Tone\"><strong>Tan\u0131m<\/strong><\/div>\n<div class=\"c-unit-01-B body-small\">S1 s\u0131n\u0131f\u0131 esnek, y\u00fcksek performansl\u0131, kayma \u00f6zelli\u011fi azalt\u0131lm\u0131\u015f, uzun \u00e7al\u0131\u015fma s\u00fcresine sahip \u00e7imento esasl\u0131 yap\u0131\u015ft\u0131rma harc\u0131d\u0131r. K\u0131\u015f ko\u015fullar\u0131nda uygulaman\u0131n devam edebilmesi i\u00e7in (-10\u00b0C) &#8211; (+35\u00b0C) aras\u0131nda g\u00fcvenle kullan\u0131labilen Wintertech teknolojisine sahip versiyonu bulunmaktad\u0131r.<\/div>\n<\/div>\n<div class=\"c-unit-02\">\n<div class=\"c-unit-01-A heading-Low-Tone\"><strong>Kullan\u0131m Alanlar\u0131<\/strong><\/div>\n<div class=\"c-unit-01-B body-small\">\n<div class=\"c-unit-01-B-01\">\u0130\u00e7 ve d\u0131\u015f mek\u00e2nlarda, seramik, do\u011fal ta\u015f, traverten, dekoratif tu\u011fla, granit, porselen seramik, klinker, kotto gibi kaplama malzemelerinin yatay ve d\u00fc\u015feyde beton, s\u0131va, \u015fap gibi y\u00fczeyler \u00fczerine uygulanmas\u0131nda, Plywood \u00fczerine seramik kaplamada, Eski seramik, granit \u00fczerine seramik kaplamada, Al\u00e7\u0131, boya gibi zorlu y\u00fczeyler \u00fczerine seramik uygulamalar\u0131nda, Havuz su deposu gibi \u0131slak hacimli mek\u00e2nlarda, So\u011fuk hava depolar\u0131, \u015foklama tesisleri, f\u0131r\u0131nlar\u0131n d\u0131\u015f cepheleri, alttan \u0131s\u0131tmal\u0131 sistemler gibi \u0131s\u0131 de\u011fi\u015fimlerinin oldu\u011fu mek\u00e2nlarda, Teraslarda ve balkon uygulamalar\u0131nda, Yo\u011fun yaya ve y\u00fck trafi\u011finin oldu\u011fu al\u0131\u015fveri\u015f- i\u015f merkezleri, hastane, okul gibi mek\u00e2nlarda kullan\u0131l\u0131r.<\/div>\n<\/div>\n<\/div>\n<div class=\"c-unit-02\">\n<div class=\"c-unit-01-A heading-Low-Tone\"><strong>Ambalaj<\/strong><\/div>\n<ul class=\"c-unit-01-B body-small\">\n<li class=\"c-unit-01-B-01\">25 kg kraft torba<\/li>\n<\/ul>\n<\/div>\n<\/div>\n<div class=\"c-item-01-B \">\n<div class=\"c-unit-01\">\n<div class=\"c-unit-01-A heading-Low-Tone\"><strong>\u00d6zellikler<\/strong><\/div>\n<div class=\"c-unit-01-B body-small\">\n<div class=\"c-unit-01-B-01\">Y\u00fcksek yap\u0131\u015fma g\u00fcc\u00fcne sahiptir. S1 s\u0131n\u0131f\u0131 esneklik \u00f6zelli\u011fi sayesinde ani \u0131s\u0131, de\u011fi\u015fimleri sebebiyle olu\u015fan y\u00fczey gerilimlerine dayan\u0131kl\u0131d\u0131r. D\u00fc\u015fey y\u00fczey uygulamalar\u0131nda kayma yapmaz. Uzun \u00e7al\u0131\u015fma s\u00fcresine sahiptir. Kolay taraklanabilir.<\/div>\n<\/div>\n<\/div>\n<\/div>\n","protected":false},"excerpt":{"rendered":"<p>Tan\u0131m S1 s\u0131n\u0131f\u0131 esnek, y\u00fcksek performansl\u0131, kayma \u00f6zelli\u011fi azalt\u0131lm\u0131\u015f, uzun \u00e7al\u0131\u015fma s\u00fcresine sahip \u00e7imento esasl\u0131 yap\u0131\u015ft\u0131rma harc\u0131d\u0131r. K\u0131\u015f ko\u015fullar\u0131nda uygulaman\u0131n devam edebilmesi i\u00e7in (-10\u00b0C) &#8211; (+35\u00b0C) aras\u0131nda g\u00fcvenle kullan\u0131labilen Wintertech teknolojisine sahip versiyonu bulunmaktad\u0131r. Kullan\u0131m Alanlar\u0131 \u0130\u00e7 ve d\u0131\u015f mek\u00e2nlarda, seramik, do\u011fal ta\u015f, traverten, dekoratif tu\u011fla, granit, porselen seramik, klinker, kotto gibi kaplama malzemelerinin yatay&#8230;<\/p>\n","protected":false},"featured_media":809,"comment_status":"open","ping_status":"closed","template":"","meta":{"_kadence_starter_templates_imported_post":false,"_kad_post_transparent":"default","_kad_post_title":"","_kad_post_layout":"default","_kad_post_sidebar_id":"","_kad_post_content_style":"default","_kad_post_vertical_padding":"default","_kad_post_feature":"","_kad_post_feature_position":"","_kad_post_header":false,"_kad_post_footer":false},"pwb-brand":[119],"product_cat":[16],"product_tag":[],"class_list":{"0":"post-815","1":"product","2":"type-product","3":"status-publish","4":"has-post-thumbnail","6":"pwb-brand-kalekim","7":"product_cat-genel","9":"first","10":"instock","11":"shipping-taxable","12":"product-type-simple","13":"entry","14":"content-bg","15":"loop-entry"},"brands":[{"id":119,"name":"KALEK\u0130M","slug":"kalekim"}],"_links":{"self":[{"href":"https:\/\/hyayapi.com\/index.php?rest_route=\/wp\/v2\/product\/815","targetHints":{"allow":["GET"]}}],"collection":[{"href":"https:\/\/hyayapi.com\/index.php?rest_route=\/wp\/v2\/product"}],"about":[{"href":"https:\/\/hyayapi.com\/index.php?rest_route=\/wp\/v2\/types\/product"}],"replies":[{"embeddable":true,"href":"https:\/\/hyayapi.com\/index.php?rest_route=%2Fwp%2Fv2%2Fcomments&post=815"}],"wp:featuredmedia":[{"embeddable":true,"href":"https:\/\/hyayapi.com\/index.php?rest_route=\/wp\/v2\/media\/809"}],"wp:attachment":[{"href":"https:\/\/hyayapi.com\/index.php?rest_route=%2Fwp%2Fv2%2Fmedia&parent=815"}],"wp:term":[{"taxonomy":"pwb-brand","embeddable":true,"href":"https:\/\/hyayapi.com\/index.php?rest_route=%2Fwp%2Fv2%2Fpwb-brand&post=815"},{"taxonomy":"product_cat","embeddable":true,"href":"https:\/\/hyayapi.com\/index.php?rest_route=%2Fwp%2Fv2%2Fproduct_cat&post=815"},{"taxonomy":"product_tag","embeddable":true,"href":"https:\/\/hyayapi.com\/index.php?rest_route=%2Fwp%2Fv2%2Fproduct_tag&post=815"}],"curies":[{"name":"wp","href":"https:\/\/api.w.org\/{rel}","templated":true}]}}