{"id":340,"date":"2024-12-31T19:29:24","date_gmt":"2024-12-31T19:29:24","guid":{"rendered":"https:\/\/hyayapi.com\/?post_type=product&#038;p=340"},"modified":"2025-01-10T21:51:00","modified_gmt":"2025-01-10T21:51:00","slug":"dogal-ahsap-ve-modern-cam-banyo-seti","status":"publish","type":"product","link":"https:\/\/hyayapi.com\/?product=dogal-ahsap-ve-modern-cam-banyo-seti","title":{"rendered":"Do\u011fal Ah\u015fap ve Modern Cam Banyo Seti"},"content":{"rendered":"<p>Do\u011fall\u0131k ve modernli\u011fi bir araya getiren bu banyo seti, ah\u015fap g\u00f6r\u00fcn\u00fcml\u00fc dolap tasar\u0131m\u0131, tezgah \u00fcst\u00fc seramik lavabo ve LED \u0131\u015f\u0131kl\u0131 yuvarlak ayna ile s\u0131cak bir atmosfer sunar. Siyah \u00e7er\u00e7eveli cam du\u015fakabin, banyoya modern bir dokunu\u015f katarken, geni\u015f depolama alanlar\u0131 d\u00fczeni kolayla\u015ft\u0131r\u0131r. Mat siyah detaylar ve koyu renk zemin kaplamas\u0131, zarif ve \u00e7a\u011fda\u015f bir g\u00f6r\u00fcn\u00fcm sa\u011flar. Hem i\u015flevsel hem de estetik bir banyo deneyimi arayanlar i\u00e7in m\u00fckemmel bir se\u00e7imdir.<\/p>\n","protected":false},"excerpt":{"rendered":"<p>Do\u011fall\u0131k ve modernli\u011fi bir araya getiren bu banyo seti, ah\u015fap g\u00f6r\u00fcn\u00fcml\u00fc dolap tasar\u0131m\u0131, tezgah \u00fcst\u00fc seramik lavabo ve LED \u0131\u015f\u0131kl\u0131 yuvarlak ayna ile s\u0131cak bir atmosfer sunar. Siyah \u00e7er\u00e7eveli cam du\u015fakabin, banyoya modern bir dokunu\u015f katarken, geni\u015f depolama alanlar\u0131 d\u00fczeni kolayla\u015ft\u0131r\u0131r. Mat siyah detaylar ve koyu renk zemin kaplamas\u0131, zarif ve \u00e7a\u011fda\u015f bir g\u00f6r\u00fcn\u00fcm sa\u011flar&#8230;.<\/p>\n","protected":false},"featured_media":308,"comment_status":"open","ping_status":"closed","template":"","meta":{"_kadence_starter_templates_imported_post":false,"_kad_post_transparent":"default","_kad_post_title":"","_kad_post_layout":"default","_kad_post_sidebar_id":"","_kad_post_content_style":"default","_kad_post_vertical_padding":"default","_kad_post_feature":"","_kad_post_feature_position":"","_kad_post_header":false,"_kad_post_footer":false},"pwb-brand":[],"product_cat":[16,53],"product_tag":[],"class_list":{"0":"post-340","1":"product","2":"type-product","3":"status-publish","4":"has-post-thumbnail","6":"product_cat-genel","7":"product_cat-mutfak-ve-banyo-tasarimlari","9":"first","10":"instock","11":"shipping-taxable","12":"product-type-simple","13":"entry","14":"content-bg","15":"loop-entry"},"brands":[],"_links":{"self":[{"href":"https:\/\/hyayapi.com\/index.php?rest_route=\/wp\/v2\/product\/340","targetHints":{"allow":["GET"]}}],"collection":[{"href":"https:\/\/hyayapi.com\/index.php?rest_route=\/wp\/v2\/product"}],"about":[{"href":"https:\/\/hyayapi.com\/index.php?rest_route=\/wp\/v2\/types\/product"}],"replies":[{"embeddable":true,"href":"https:\/\/hyayapi.com\/index.php?rest_route=%2Fwp%2Fv2%2Fcomments&post=340"}],"wp:featuredmedia":[{"embeddable":true,"href":"https:\/\/hyayapi.com\/index.php?rest_route=\/wp\/v2\/media\/308"}],"wp:attachment":[{"href":"https:\/\/hyayapi.com\/index.php?rest_route=%2Fwp%2Fv2%2Fmedia&parent=340"}],"wp:term":[{"taxonomy":"pwb-brand","embeddable":true,"href":"https:\/\/hyayapi.com\/index.php?rest_route=%2Fwp%2Fv2%2Fpwb-brand&post=340"},{"taxonomy":"product_cat","embeddable":true,"href":"https:\/\/hyayapi.com\/index.php?rest_route=%2Fwp%2Fv2%2Fproduct_cat&post=340"},{"taxonomy":"product_tag","embeddable":true,"href":"https:\/\/hyayapi.com\/index.php?rest_route=%2Fwp%2Fv2%2Fproduct_tag&post=340"}],"curies":[{"name":"wp","href":"https:\/\/api.w.org\/{rel}","templated":true}]}}