{"id":339,"date":"2024-12-31T19:28:27","date_gmt":"2024-12-31T19:28:27","guid":{"rendered":"https:\/\/hyayapi.com\/?post_type=product&#038;p=339"},"modified":"2025-01-10T21:51:00","modified_gmt":"2025-01-10T21:51:00","slug":"sik-ve-modern-banyo-seti","status":"publish","type":"product","link":"https:\/\/hyayapi.com\/?product=sik-ve-modern-banyo-seti","title":{"rendered":"\u015e\u0131k ve Modern Banyo Seti"},"content":{"rendered":"<p>Modern tasar\u0131m\u0131yla dikkat \u00e7eken bu banyo seti, do\u011fal ah\u015fap detaylarla tamamlanan lavabo dolab\u0131, tezgah \u00fcst\u00fc seramik lavabo ve yuvarlak ah\u015fap \u00e7er\u00e7eveli ayna ile zarif bir b\u00fct\u00fcnl\u00fck sunar. Cam du\u015fakabin ve yerden \u0131s\u0131tmal\u0131 g\u00f6r\u00fcn\u00fcme sahip ah\u015fap taban, banyoya s\u0131cak bir atmosfer katar. Gri metro seramik duvar kaplamas\u0131 ve alt\u0131n detayl\u0131 modern ayd\u0131nlatma, sofistike bir stil olu\u015fturur. Fonksiyonel depolama alanlar\u0131yla hem estetik hem de d\u00fczen arayanlar i\u00e7in ideal bir tercih.<\/p>\n","protected":false},"excerpt":{"rendered":"<p>Modern tasar\u0131m\u0131yla dikkat \u00e7eken bu banyo seti, do\u011fal ah\u015fap detaylarla tamamlanan lavabo dolab\u0131, tezgah \u00fcst\u00fc seramik lavabo ve yuvarlak ah\u015fap \u00e7er\u00e7eveli ayna ile zarif bir b\u00fct\u00fcnl\u00fck sunar. Cam du\u015fakabin ve yerden \u0131s\u0131tmal\u0131 g\u00f6r\u00fcn\u00fcme sahip ah\u015fap taban, banyoya s\u0131cak bir atmosfer katar. Gri metro seramik duvar kaplamas\u0131 ve alt\u0131n detayl\u0131 modern ayd\u0131nlatma, sofistike bir stil olu\u015fturur&#8230;.<\/p>\n","protected":false},"featured_media":310,"comment_status":"open","ping_status":"closed","template":"","meta":{"_kadence_starter_templates_imported_post":false,"_kad_post_transparent":"default","_kad_post_title":"","_kad_post_layout":"default","_kad_post_sidebar_id":"","_kad_post_content_style":"default","_kad_post_vertical_padding":"default","_kad_post_feature":"","_kad_post_feature_position":"","_kad_post_header":false,"_kad_post_footer":false},"pwb-brand":[],"product_cat":[16,53],"product_tag":[],"class_list":{"0":"post-339","1":"product","2":"type-product","3":"status-publish","4":"has-post-thumbnail","6":"product_cat-genel","7":"product_cat-mutfak-ve-banyo-tasarimlari","9":"first","10":"instock","11":"shipping-taxable","12":"product-type-simple","13":"entry","14":"content-bg","15":"loop-entry"},"brands":[],"_links":{"self":[{"href":"https:\/\/hyayapi.com\/index.php?rest_route=\/wp\/v2\/product\/339","targetHints":{"allow":["GET"]}}],"collection":[{"href":"https:\/\/hyayapi.com\/index.php?rest_route=\/wp\/v2\/product"}],"about":[{"href":"https:\/\/hyayapi.com\/index.php?rest_route=\/wp\/v2\/types\/product"}],"replies":[{"embeddable":true,"href":"https:\/\/hyayapi.com\/index.php?rest_route=%2Fwp%2Fv2%2Fcomments&post=339"}],"wp:featuredmedia":[{"embeddable":true,"href":"https:\/\/hyayapi.com\/index.php?rest_route=\/wp\/v2\/media\/310"}],"wp:attachment":[{"href":"https:\/\/hyayapi.com\/index.php?rest_route=%2Fwp%2Fv2%2Fmedia&parent=339"}],"wp:term":[{"taxonomy":"pwb-brand","embeddable":true,"href":"https:\/\/hyayapi.com\/index.php?rest_route=%2Fwp%2Fv2%2Fpwb-brand&post=339"},{"taxonomy":"product_cat","embeddable":true,"href":"https:\/\/hyayapi.com\/index.php?rest_route=%2Fwp%2Fv2%2Fproduct_cat&post=339"},{"taxonomy":"product_tag","embeddable":true,"href":"https:\/\/hyayapi.com\/index.php?rest_route=%2Fwp%2Fv2%2Fproduct_tag&post=339"}],"curies":[{"name":"wp","href":"https:\/\/api.w.org\/{rel}","templated":true}]}}